{"id":38,"date":"2024-11-24T21:52:28","date_gmt":"2024-11-24T18:52:28","guid":{"rendered":"https:\/\/gocekmobilmarin.com\/index.php\/hizmetler\/"},"modified":"2025-11-23T19:23:05","modified_gmt":"2025-11-23T16:23:05","slug":"hizmetler","status":"publish","type":"page","link":"https:\/\/gocekmobilmarin.com\/index.php\/hizmetler\/","title":{"rendered":"Hizmetler"},"content":{"rendered":"\n<p><\/p>\n\n\n\n<p><\/p>\n\n\n\n<p class=\"has-text-align-center\"><strong><mark style=\"background-color:rgba(0, 0, 0, 0);color:#df4a4a\" class=\"has-inline-color\">G\u00d6CEK MOB\u0130L MAR\u0130N OLARAK H\u0130ZMETLER\u0130M\u0130Z <\/mark><\/strong><\/p>\n\n\n\n<ul class=\"wp-block-list\">\n<li>JENERAT\u00d6R ARIZA VE BAKIMI <\/li>\n\n\n\n<li>SU YAPICI ARIZA BAKIMI<\/li>\n<\/ul>\n\n\n\n<ul class=\"wp-block-list\">\n<li>IRGAT ARIZA VE BAKIMLARI ELEKT\u0130R\u0130K S\u0130STEMLER\u0130 ARIZA VE BAKIMI<\/li>\n<\/ul>\n\n\n\n<ul class=\"wp-block-list\">\n<li>ARITMA S\u0130STEMLER\u0130 ARIZA VE BAKIMLARI <\/li>\n<\/ul>\n\n\n\n<ul class=\"wp-block-list\">\n<li>H\u0130DROL\u0130K S\u0130STEMLER\u0130 ARIZA VE BAKIMLARI <\/li>\n<\/ul>\n\n\n\n<ul class=\"wp-block-list\">\n<li>GREYN ARIZA VE BAKIMLARI SU TES\u0130AT POMPA VE BAKIMLARI <\/li>\n<\/ul>\n\n\n\n<ul class=\"wp-block-list\">\n<li>DEN\u0130Z SUYU POMPA VE BAKIMLARI&#8230;<\/li>\n<\/ul>\n","protected":false},"excerpt":{"rendered":"<p>G\u00d6CEK MOB\u0130L MAR\u0130N OLARAK H\u0130ZMETLER\u0130M\u0130Z<\/p>\n","protected":false},"author":1,"featured_media":0,"parent":0,"menu_order":0,"comment_status":"closed","ping_status":"closed","template":"full-width","meta":{"saved_in_kubio":true,"footnotes":""},"class_list":["post-38","page","type-page","status-publish","hentry"],"yoast_head":"<!-- This site is optimized with the Yoast SEO plugin v23.9 - https:\/\/yoast.com\/wordpress\/plugins\/seo\/ -->\n<title>Hizmetler - G\u00f6cek Mobil Marin<\/title>\n<meta name=\"description\" content=\"JENERAT\u00d6R ARIZA VE BAKIMI SU YAPICI ARIZA BAKIMI IRGAT ARIZA VE BAKIMLARI ELEKT\u0130R\u0130K S\u0130STEMLER\u0130 ARIZA VE BAKIMI ARITMA S\u0130STEMLER\u0130 ARIZA VE BAKIMLARI H\u0130DROL\u0130K S\u0130STEMLER\u0130 ARIZA VE BAKIMLARI GREYN ARIZA VE BAKIMLARI SU TES\u0130AT POMPA VE BAKIMLARI DEN\u0130Z SUYU POMPA VE BAKIMLARI\" \/>\n<meta name=\"robots\" content=\"index, follow, max-snippet:-1, max-image-preview:large, max-video-preview:-1\" \/>\n<link rel=\"canonical\" href=\"https:\/\/gocekmobilmarin.com\/index.php\/hizmetler\/\" \/>\n<meta property=\"og:locale\" content=\"tr_TR\" \/>\n<meta property=\"og:type\" content=\"article\" \/>\n<meta property=\"og:title\" content=\"Hizmetler - G\u00f6cek Mobil Marin\" \/>\n<meta property=\"og:description\" content=\"JENERAT\u00d6R ARIZA VE BAKIMI SU YAPICI ARIZA BAKIMI IRGAT ARIZA VE BAKIMLARI ELEKT\u0130R\u0130K S\u0130STEMLER\u0130 ARIZA VE BAKIMI ARITMA S\u0130STEMLER\u0130 ARIZA VE BAKIMLARI H\u0130DROL\u0130K S\u0130STEMLER\u0130 ARIZA VE BAKIMLARI GREYN ARIZA VE BAKIMLARI SU TES\u0130AT POMPA VE BAKIMLARI DEN\u0130Z SUYU POMPA VE BAKIMLARI\" \/>\n<meta property=\"og:url\" content=\"https:\/\/gocekmobilmarin.com\/index.php\/hizmetler\/\" \/>\n<meta property=\"og:site_name\" content=\"G\u00f6cek Mobil Marin\" \/>\n<meta property=\"article:modified_time\" content=\"2025-11-23T16:23:05+00:00\" \/>\n<meta name=\"twitter:card\" content=\"summary_large_image\" \/>\n<meta name=\"twitter:label1\" content=\"Tahmini okuma s\u00fcresi\" \/>\n\t<meta name=\"twitter:data1\" content=\"1 dakika\" \/>\n<script type=\"application\/ld+json\" class=\"yoast-schema-graph\">{\"@context\":\"https:\/\/schema.org\",\"@graph\":[{\"@type\":\"WebPage\",\"@id\":\"https:\/\/gocekmobilmarin.com\/index.php\/hizmetler\/\",\"url\":\"https:\/\/gocekmobilmarin.com\/index.php\/hizmetler\/\",\"name\":\"Hizmetler - G\u00f6cek Mobil Marin\",\"isPartOf\":{\"@id\":\"https:\/\/gocekmobilmarin.com\/#website\"},\"datePublished\":\"2024-11-24T18:52:28+00:00\",\"dateModified\":\"2025-11-23T16:23:05+00:00\",\"description\":\"JENERAT\u00d6R ARIZA VE BAKIMI SU YAPICI ARIZA BAKIMI IRGAT ARIZA VE BAKIMLARI ELEKT\u0130R\u0130K S\u0130STEMLER\u0130 ARIZA VE BAKIMI ARITMA S\u0130STEMLER\u0130 ARIZA VE BAKIMLARI H\u0130DROL\u0130K S\u0130STEMLER\u0130 ARIZA VE BAKIMLARI GREYN ARIZA VE BAKIMLARI SU TES\u0130AT POMPA VE BAKIMLARI DEN\u0130Z SUYU POMPA VE BAKIMLARI\",\"breadcrumb\":{\"@id\":\"https:\/\/gocekmobilmarin.com\/index.php\/hizmetler\/#breadcrumb\"},\"inLanguage\":\"tr\",\"potentialAction\":[{\"@type\":\"ReadAction\",\"target\":[\"https:\/\/gocekmobilmarin.com\/index.php\/hizmetler\/\"]}]},{\"@type\":\"BreadcrumbList\",\"@id\":\"https:\/\/gocekmobilmarin.com\/index.php\/hizmetler\/#breadcrumb\",\"itemListElement\":[{\"@type\":\"ListItem\",\"position\":1,\"name\":\"Home\",\"item\":\"https:\/\/gocekmobilmarin.com\/\"},{\"@type\":\"ListItem\",\"position\":2,\"name\":\"Hizmetler\"}]},{\"@type\":\"WebSite\",\"@id\":\"https:\/\/gocekmobilmarin.com\/#website\",\"url\":\"https:\/\/gocekmobilmarin.com\/\",\"name\":\"G\u00f6cek Mobil Marin\",\"description\":\"\",\"publisher\":{\"@id\":\"https:\/\/gocekmobilmarin.com\/#organization\"},\"potentialAction\":[{\"@type\":\"SearchAction\",\"target\":{\"@type\":\"EntryPoint\",\"urlTemplate\":\"https:\/\/gocekmobilmarin.com\/?s={search_term_string}\"},\"query-input\":{\"@type\":\"PropertyValueSpecification\",\"valueRequired\":true,\"valueName\":\"search_term_string\"}}],\"inLanguage\":\"tr\"},{\"@type\":\"Organization\",\"@id\":\"https:\/\/gocekmobilmarin.com\/#organization\",\"name\":\"G\u00f6cek Mobil Marin\",\"url\":\"https:\/\/gocekmobilmarin.com\/\",\"logo\":{\"@type\":\"ImageObject\",\"inLanguage\":\"tr\",\"@id\":\"https:\/\/gocekmobilmarin.com\/#\/schema\/logo\/image\/\",\"url\":\"https:\/\/gocekmobilmarin.com\/wp-content\/uploads\/2024\/11\/logz.png\",\"contentUrl\":\"https:\/\/gocekmobilmarin.com\/wp-content\/uploads\/2024\/11\/logz.png\",\"width\":531,\"height\":414,\"caption\":\"G\u00f6cek Mobil Marin\"},\"image\":{\"@id\":\"https:\/\/gocekmobilmarin.com\/#\/schema\/logo\/image\/\"}}]}<\/script>\n<!-- \/ Yoast SEO plugin. -->","yoast_head_json":{"title":"Hizmetler - G\u00f6cek Mobil Marin","description":"JENERAT\u00d6R ARIZA VE BAKIMI SU YAPICI ARIZA BAKIMI IRGAT ARIZA VE BAKIMLARI ELEKT\u0130R\u0130K S\u0130STEMLER\u0130 ARIZA VE BAKIMI ARITMA S\u0130STEMLER\u0130 ARIZA VE BAKIMLARI H\u0130DROL\u0130K S\u0130STEMLER\u0130 ARIZA VE BAKIMLARI GREYN ARIZA VE BAKIMLARI SU TES\u0130AT POMPA VE BAKIMLARI DEN\u0130Z SUYU POMPA VE BAKIMLARI","robots":{"index":"index","follow":"follow","max-snippet":"max-snippet:-1","max-image-preview":"max-image-preview:large","max-video-preview":"max-video-preview:-1"},"canonical":"https:\/\/gocekmobilmarin.com\/index.php\/hizmetler\/","og_locale":"tr_TR","og_type":"article","og_title":"Hizmetler - G\u00f6cek Mobil Marin","og_description":"JENERAT\u00d6R ARIZA VE BAKIMI SU YAPICI ARIZA BAKIMI IRGAT ARIZA VE BAKIMLARI ELEKT\u0130R\u0130K S\u0130STEMLER\u0130 ARIZA VE BAKIMI ARITMA S\u0130STEMLER\u0130 ARIZA VE BAKIMLARI H\u0130DROL\u0130K S\u0130STEMLER\u0130 ARIZA VE BAKIMLARI GREYN ARIZA VE BAKIMLARI SU TES\u0130AT POMPA VE BAKIMLARI DEN\u0130Z SUYU POMPA VE BAKIMLARI","og_url":"https:\/\/gocekmobilmarin.com\/index.php\/hizmetler\/","og_site_name":"G\u00f6cek Mobil Marin","article_modified_time":"2025-11-23T16:23:05+00:00","twitter_card":"summary_large_image","twitter_misc":{"Tahmini okuma s\u00fcresi":"1 dakika"},"schema":{"@context":"https:\/\/schema.org","@graph":[{"@type":"WebPage","@id":"https:\/\/gocekmobilmarin.com\/index.php\/hizmetler\/","url":"https:\/\/gocekmobilmarin.com\/index.php\/hizmetler\/","name":"Hizmetler - G\u00f6cek Mobil Marin","isPartOf":{"@id":"https:\/\/gocekmobilmarin.com\/#website"},"datePublished":"2024-11-24T18:52:28+00:00","dateModified":"2025-11-23T16:23:05+00:00","description":"JENERAT\u00d6R ARIZA VE BAKIMI SU YAPICI ARIZA BAKIMI IRGAT ARIZA VE BAKIMLARI ELEKT\u0130R\u0130K S\u0130STEMLER\u0130 ARIZA VE BAKIMI ARITMA S\u0130STEMLER\u0130 ARIZA VE BAKIMLARI H\u0130DROL\u0130K S\u0130STEMLER\u0130 ARIZA VE BAKIMLARI GREYN ARIZA VE BAKIMLARI SU TES\u0130AT POMPA VE BAKIMLARI DEN\u0130Z SUYU POMPA VE BAKIMLARI","breadcrumb":{"@id":"https:\/\/gocekmobilmarin.com\/index.php\/hizmetler\/#breadcrumb"},"inLanguage":"tr","potentialAction":[{"@type":"ReadAction","target":["https:\/\/gocekmobilmarin.com\/index.php\/hizmetler\/"]}]},{"@type":"BreadcrumbList","@id":"https:\/\/gocekmobilmarin.com\/index.php\/hizmetler\/#breadcrumb","itemListElement":[{"@type":"ListItem","position":1,"name":"Home","item":"https:\/\/gocekmobilmarin.com\/"},{"@type":"ListItem","position":2,"name":"Hizmetler"}]},{"@type":"WebSite","@id":"https:\/\/gocekmobilmarin.com\/#website","url":"https:\/\/gocekmobilmarin.com\/","name":"G\u00f6cek Mobil Marin","description":"","publisher":{"@id":"https:\/\/gocekmobilmarin.com\/#organization"},"potentialAction":[{"@type":"SearchAction","target":{"@type":"EntryPoint","urlTemplate":"https:\/\/gocekmobilmarin.com\/?s={search_term_string}"},"query-input":{"@type":"PropertyValueSpecification","valueRequired":true,"valueName":"search_term_string"}}],"inLanguage":"tr"},{"@type":"Organization","@id":"https:\/\/gocekmobilmarin.com\/#organization","name":"G\u00f6cek Mobil Marin","url":"https:\/\/gocekmobilmarin.com\/","logo":{"@type":"ImageObject","inLanguage":"tr","@id":"https:\/\/gocekmobilmarin.com\/#\/schema\/logo\/image\/","url":"https:\/\/gocekmobilmarin.com\/wp-content\/uploads\/2024\/11\/logz.png","contentUrl":"https:\/\/gocekmobilmarin.com\/wp-content\/uploads\/2024\/11\/logz.png","width":531,"height":414,"caption":"G\u00f6cek Mobil Marin"},"image":{"@id":"https:\/\/gocekmobilmarin.com\/#\/schema\/logo\/image\/"}}]}},"kubio_ai_page_context":{"short_desc":"","purpose":"general"},"_links":{"self":[{"href":"https:\/\/gocekmobilmarin.com\/index.php\/wp-json\/wp\/v2\/pages\/38","targetHints":{"allow":["GET"]}}],"collection":[{"href":"https:\/\/gocekmobilmarin.com\/index.php\/wp-json\/wp\/v2\/pages"}],"about":[{"href":"https:\/\/gocekmobilmarin.com\/index.php\/wp-json\/wp\/v2\/types\/page"}],"author":[{"embeddable":true,"href":"https:\/\/gocekmobilmarin.com\/index.php\/wp-json\/wp\/v2\/users\/1"}],"replies":[{"embeddable":true,"href":"https:\/\/gocekmobilmarin.com\/index.php\/wp-json\/wp\/v2\/comments?post=38"}],"version-history":[{"count":6,"href":"https:\/\/gocekmobilmarin.com\/index.php\/wp-json\/wp\/v2\/pages\/38\/revisions"}],"predecessor-version":[{"id":183,"href":"https:\/\/gocekmobilmarin.com\/index.php\/wp-json\/wp\/v2\/pages\/38\/revisions\/183"}],"wp:attachment":[{"href":"https:\/\/gocekmobilmarin.com\/index.php\/wp-json\/wp\/v2\/media?parent=38"}],"curies":[{"name":"wp","href":"https:\/\/api.w.org\/{rel}","templated":true}]}}